= -6*d. What are the prime factors of d?
2, 3
Let b(l) = -l + 17. Let s(o) = 2*o**2 - o - 1. Let n be s(-2). List the prime factors of b(n).
2
Let f = 0 - -17. Suppose -92 = 13*t - f*t. List the prime factors of t.
23
Let p(n) be the first derivative of 2*n**3/3 + 2*n**2 + 2*n - 5. Suppose 0*x - x = 2. List the prime factors of p(x).
2
Let n be (-1 - (-3)/(-2))*2. Let t = 14 - 28. Let q = n - t. What are the prime factors of q?
3
Let k = -13 + 4. Let l = 29 + k. Suppose r + 15 = 4*m, -2*r - m + l = m. List the prime factors of r.
5
Suppose -9*k = -5*k - 196. List the prime factors of k.
7
Suppose 5*o - 3*o = 0. Suppose o*s = 3*s - 180. List the prime factors of ((-12)/(-5))/(9/s).
2
Suppose 4*p = -286 + 946. What are the prime factors of p?
3, 5, 11
Let a = 65 - 10. List the prime factors of a.
5, 11
Let s = 37 - 23. List the prime factors of s.
2, 7
Let c(j) = -j**3 - 3*j**2 + j + 4. Let p be c(-3). Let n = p + -1. Suppose -3*b + 5*h + 1 = -2*b, n = -4*b + 3*h + 21. List the prime factors of b.
2, 3
Suppose 5*v = 4*n - n + 3, 3*n = 4*v - 3. Suppose 3*h - c - 33 = 7*h, -2*h - 3*c - 19 = 0. Let b = n - h. List the prime factors of b.
7
Suppose -47 = 4*x + 5. Let r = -3 + 8. What are the prime factors of x/4*(r + -9)?
13
Let t(z) = z**2 - 3*z - 1. Let c be t(4). Suppose -c*d + 48 = d. List the prime factors of d.
2, 3
Let m be 6/(1 + (-15)/6). Let c = 9 + m. What are the prime factors of c?
5
Suppose -71 = -l - 2*b, 4*b - 7*b + 12 = 0. What are the prime factors of l?
3, 7
Suppose 2 + 3 = 5*r. Suppose -4*u = 5*y - 2*u, 4*u = 0. Suppose y = -2*j + r + 9. List the prime factors of j.
5
Suppose -z = -4*h - 44, -169 = -2*z - 2*h - 41. List the prime factors of z.
2, 3, 5
Let p(u) = u**3 - 7*u**2 + 9*u - 1. Let h be p(6). Suppose -2*y + 7 + 3 = 5*v, -2*y + 10 = -3*v. Suppose v = -f + h - 5. What are the prime factors of f?
2, 3
Let g(h) = 1 - 2 + 0*h - 2*h. List the prime factors of g(-7).
13
Suppose -5*i + 1 + 34 = 0. Suppose -3*h + 58 = -f - 41, -h + 44 = -4*f. Suppose h = -2*v + i*v + 4*q, 2*v + 2*q - 12 = 0. What are the prime factors of v?
2
Let q(j) be the second derivative of j**4/2 - j**3/3 + 3*j. What are the prime factors of q(2)?
2, 5
Suppose -m + 10 = -3. What are the prime factors of m?
13
Suppose 2*y + 5*l + 65 = 0, l + 10 = -l. Let z = y - -29. List the prime factors of z.
3
Let w be 115/25 + 2/5. Suppose -3*v + 5*i = -11, 0*i - 27 = -3*v - 3*i. Let d = v - w. What are the prime factors of d?
2
Let h = -10 - -17. Suppose k = h - 3. Suppose -5*g + k*g - 5*l = 3, -4*l - 16 = 0. What are the prime factors of g?
17
Let z = 49 + -34. Suppose 5*l = -2*d + 51, 3*l + d - 31 = -0*l. Suppose 2*o + l = -p + 5*o, -z = -3*o. What are the prime factors of p?
2
Let f be (10*-3)/((-4)/14). Let u = f - 73. What are the prime factors of u?
2
Let l = 59 - 22. Let c = l + -20. Let w = c + -8. List the prime factors of w.
3
Let q = 3 - -11. Let r = 8 - 4. Suppose 2*o - r = q. List the prime factors of o.
3
Suppose 0 = 8*r - 879 - 105. List the prime factors of r.
3, 41
Suppose -f = 3*f + 2*c - 50, 3*c - 15 = -f. List the prime factors of (-134)/(-3) - (-4)/f.
3, 5
Suppose s = -5*r - 18, 4*s - 3*r - 27 = -7. Suppose s*f + 0*f = 0. Let p(z) = z + 11. What are the prime factors of p(f)?
11
Suppose 4*y - 243 = -5*x, -4*x + 3*y + 88 = -2*x. Suppose 3*w + 2 = -3*i + x, w - 30 = -2*i. What are the prime factors of i?
3, 5
Suppose 0 = 2*t + t - 6. Suppose -6*x - 2*l + 2 = -3*x, 5*x - 6 = -t*l. Suppose 4*a = x*g + 3*g + 8, 6 = 3*a + 4*g. List the prime factors of a.
2
Suppose w = -4*w + 10. Suppose -w*a = a. List the prime factors of 14 + (4/2 - a).
2
Let h = -38 - -151. What are the prime factors of h?
113
Let z(w) = 8*w**2. Let k(q) = -q**2 + 6*q + 6. Let l be k(7). What are the prime factors of z(l)?
2
Suppose -4*o - 20 = -4*j, -3*o - 2*j - 15 = j. Let n(z) = z**3 + 4*z**2 - 6*z - 1. What are the prime factors of n(o)?
2
What are the prime factors of -3*4/18 + 622/6?
103
Suppose -2*i + 0*i = 0. Let h = i - -2. Suppose g + h*g - 24 = 0. List the prime factors of g.
2
Suppose g - 102 = w - 3*w, -4*w - 16 = 0. What are the prime factors of g?
2, 5, 11
Let t(o) = -o**3 + 6*o**2 + 8. Let q(f) = -2*f**3 + 7*f**2 - f + 9. Let i(b) = 2*q(b) - 3*t(b). Let h = 0 - 4. List the prime factors of i(h).
2
Suppose 4*f - 11*f + 161 = 0. List the prime factors of f.
23
Let p(o) = -o**2 + 16*o - 8. Suppose -3*i + 33 = 4*f - 18, -12 = -4*f. What are the prime factors of p(i)?
31
Suppose 230 + 139 = 5*g + 4*r, -3*g + 220 = r. List the prime factors of g.
73
Let v(r) = -2*r + 6. Let a be v(8). Suppose 9 - 69 = -3*i. Let m = a + i. List the prime factors of m.
2, 5
Let b(c) = 2*c**3 - 7*c**2 + 8*c - 8. Let n be b(4). Suppose -n = -4*f + 136. List the prime factors of f.
2, 11
Let a be (-2 - -2) + 2*2. Let j be (a/10)/((-1)/(-5)). Suppose -j*l = x + 3, 5*x = -5*l + 4 + 1. List the prime factors of x.
5
Let f be (3/(-2))/(3/(-2)). Let w be 10 - 3/(f + -4). Let n = -6 + w. What are the prime factors of n?
5
Let v be 2/5 - 23/(-5). Let h(w) be the first derivative of 3*w**2/2 - 6*w - 1. List the prime factors of h(v).
3
Let c(o) = 5*o. Let j be c(6). What are the prime factors of (-9)/18 + j/4?
7
Suppose -z - 5 + 34 = -3*f, 3*z - 2*f = 73. Suppose -z = -4*j + o, -4*j - 5*o + 5 = -0*j. What are the prime factors of j?
5
List the prime factors of (-40)/((-26)/(-78) + (-29)/69).
2, 5, 23
Suppose 0 = 4*t + 2*i - 746, -96 - 108 = -t - 4*i. What are the prime factors of t?
2, 23
Suppose -17 = -2*t + 111. Suppose s = -3*s + t. What are the prime factors of s?
2
Let m(x) = -x**3 + 3*x**2 + 2*x + 1. List the prime factors of m(-2).
17
Let x be -1 - (-11 - (-4)/1). What are the prime factors of (-3)/x - (-159)/6?
2, 13
Suppose -2*d - 11 = -2*h + 9, h - 25 = 4*d. Let p = -3 + h. Suppose -4*a + 5*w = -32, -p*a - 4*w - 4 = -20. List the prime factors of a.
2
Suppose r - 6*r = 0. Suppose 0*b + b - 14 = r. List the prime factors of b.
2, 7
Let l be 2/10 + (-132)/(-15). Suppose 3*m = -3*x - l, 3*m - 8*x + 3*x = 7. What are the prime factors of (m/1)/((-4)/8)?
2
Let m(q) = q**3 - 11*q**2 + 13*q - 14. Let c be m(10). Suppose -6 = -0*v + v. Let g = c + v. What are the prime factors of g?
2, 5
Let p(n) = 102*n - 1. What are the prime factors of p(2)?
7, 29
Let w be (-3 + 1)*(-2)/(-1). Let s = -4 - w. Suppose -z - 2*z + 30 = s. What are the prime factors of z?
2, 5
Suppose 5*k + 6*u - 3*u = 582, 476 = 4*k + 5*u. List the prime factors of k.
2, 3, 19
Let h = 7 - -3. Suppose -4*z + h + 30 = 0. What are the prime factors of z?
2, 5
Let a = -156 + 254. What are the prime factors of a?
2, 7
Let c(f) = -2*f**3 - f - 5. List the prime factors of c(-3).
2, 13
Suppose -2*w - 5 - 3 = 0. List the prime factors of ((-25)/w)/((-13)/(-52)).
5
Let h(p) = 3 + 0*p - 2*p**2 + 4*p**2 + 0*p - 4*p. Let v be h(3). Suppose -v - 29 = -2*d. What are the prime factors of d?
19
Suppose -4*u = 5*g - 597, 6*g + u = 3*g + 361. List the prime factors of g.
11
List the prime factors of (-240)/18*(-3)/1.
2, 5
Let p(x) = x - 3. Let j be (-4)/(-2) + -9 + 12. Let i be p(j). What are the prime factors of 1*2*(i - 1)?
2
Let y(r) = r**2 - 3*r - 8. Let h(c) = -5*c**3 + 2*c**2 + 2*c + 1. Let t be h(-1). List the prime factors of y(t).
2, 5
Let w = 7 + 3. What are the prime factors of w - (0 + -6 + 4)?
2, 3
Let l = -15 + 26. Suppose 3*i - 2 = -l. What are the prime factors of -5*(-1)/(-3)*i?
5
Suppose -d + 5*d = 20. What are the prime factors of d - 0/(-1 - -3)?
5
Let b = 126 + -111. List the prime factors of b.
3, 5
Let k = -54 + 93. What are the prime factors of k?
3, 13
Let t = -7 - -3. Let o = 13 + t. Let y = o - -3. What are the prime factors of y?
2, 3
Let u(f) be the first derivative of -2*f**3 + 0*f**2 - 1/4*f**4 + 6*f - 2. List the prime factors of u(-6).
2, 3
Let i(h) = -h + 15. Let s be i(12). Suppose s*u = 6*u - 42. List the prime factors of u.
2, 7
Let q = 2 + 2. What are the prime factors of (117/(-12))/((-3)/q)?
13
Suppose 3*a + 14 - 145 = 5*j, 3*a + 3*j = 123. Let i = a + -3. Let g = i + -27. List the prime factors of g.
2, 3
Suppose 5*s = -3*y + 1645 - 290, -5*s + y = -1355. List the prime factors of s.
271
Suppose -8 = -4*w + 2*a, 0*a - 4 = 4*w - 5*a. Suppose -123 = -w*l + l. What are the prime factors of l?
41
Suppose -l + 3*l